ed thousands digit of 830853169?
8
What is the thousands digit of 325630707?
0
What is the millions digit of 4113008537?
3
What is the ten millions digit of 348016549?
4
What is the thousands digit of 3427137313?
7
What is the millions digit of 173326124?
3
What is the units digit of 10064084?
4
What is the hundreds digit of 17266129?
1
What is the tens digit of 44475031?
3
What is the hundred thousands digit of 96577439?
5
What is the units digit of 2034510219?
9
What is the thousands digit of 41688848?
8
What is the ten millions digit of 616407976?
1
What is the hundreds digit of 57636619?
6
What is the hundreds digit of 51368203?
2
What is the thousands digit of 88020712?
0
What is the hundreds digit of 90161990?
9
What is the ten millions digit of 1377331721?
7
What is the tens digit of 891597601?
0
What is the hundreds digit of 1364239702?
7
What is the tens digit of 71108989?
8
What is the hundreds digit of 562180996?
9
What is the thousands digit of 57772339?
2
What is the ten millions digit of 529163596?
2
What is the thousands digit of 28835518?
5
What is the millions digit of 223627475?
3
What is the hundreds digit of 96052591?
5
What is the hundreds digit of 5907721041?
0
What is the hundreds digit of 2860324521?
5
What is the thousands digit of 40847887?
7
What is the hundred millions digit of 156339630?
1
What is the ten millions digit of 53584021?
5
What is the hundred thousands digit of 1667688428?
6
What is the hundreds digit of 57298540?
5
What is the thousands digit of 853884603?
4
What is the ten millions digit of 22086205?
2
What is the tens digit of 226656536?
3
What is the hundred thousands digit of 314872706?
8
What is the thousands digit of 139375780?
5
What is the millions digit of 116476414?
6
What is the ten thousands digit of 4962569106?
6
What is the tens digit of 363982755?
5
What is the hundreds digit of 64426353?
3
What is the hundreds digit of 21328354?
3
What is the ten millions digit of 28484875?
2
What is the millions digit of 6108567465?
8
What is the tens digit of 186874193?
9
What is the tens digit of 33333685?
8
What is the ten thousands digit of 16251145?
5
What is the ten thousands digit of 47149208?
4
What is the hundred thousands digit of 3390333020?
3
What is the hundred millions digit of 348025010?
3
What is the thousands digit of 67865707?
5
What is the hundreds digit of 410136278?
2
What is the hundreds digit of 160738107?
1
What is the units digit of 3597248660?
0
What is the thousands digit of 309554847?
4
What is the hundreds digit of 424067463?
4
What is the hundreds digit of 177287688?
6
What is the units digit of 1175889673?
3
What is the hundred millions digit of 389677054?
3
What is the ten millions digit of 4995141500?
9
What is the hundreds digit of 152122307?
3
What is the thousands digit of 1503659871?
9
What is the tens digit of 287400565?
6
What is the ten millions digit of 69351515?
6
What is the thousands digit of 2665952659?
2
What is the millions digit of 82714926?
2
What is the hundreds digit of 189999904?
9
What is the hundreds digit of 86068614?
6
What is the tens digit of 5042526?
2
What is the units digit of 1649883338?
8
What is the units digit of 4695271973?
3
What is the hundred millions digit of 818054027?
8
What is the ten thousands digit of 40880708?
8
What is the millions digit of 13373077?
3
What is the hundred millions digit of 4603792270?
6
What is the hundred millions digit of 1104856825?
1
What is the tens digit of 2108040333?
3
What is the millions digit of 170582864?
0
What is the hundreds digit of 207064911?
9
What is the units digit of 85180666?
6
What is the units digit of 200774935?
5
What is the millions digit of 147308547?
7
What is the hundred millions digit of 1059055502?
0
What is the hundred thousands digit of 2955368945?
3
What is the tens digit of 30605072?
7
What is the tens digit of 389836428?
2
What is the thousands digit of 391951105?
1
What is the hundred millions digit of 103439875?
1
What is the hundred thousands digit of 553842036?
8
What is the hundreds digit of 434096465?
4
What is the hundred millions digit of 111657776?
1
What is the ten millions digit of 4623281765?
2
What is the thousands digit of 71744849?
4
What is the thousands digit of 2580603433?
3
What is the ten thousands digit of 340369887?
6
What is the hundreds digit of 38797564?
5
What is the units digit of 4463060497?
7
What is the ten thousands digit of 1076048206?
4
What is the tens digit of 2990461686?
8
What is the ten thousands digit of 27947208?
4
What is the ten thousands digit of 26321716?
2
What is the ten thousands digit of 1827511413?
1
What is the units digit of 100652154?
4
What is the hundreds digit of 599108957?
9
What is the millions digit of 2181837?
2
What is the thousands digit of 100113165?
3
What is the tens digit of 156160?
6
What is the hundred thousands digit of 8401851?
4
What is the ten thousands digit of 677733492?
3
What is the tens digit of 6441670730?
3
What is the thousands digit of 68452460?
2
What is the hundred millions digit of 252844240?
2
What is the ten thousands digit of 27437198?
3
What is the millions digit of 400701344?
0
What is the hundred millions digit of 250428334?
2
What is the ten thousands digit of 126450951?
5
What is the billions digit of 1049638351?
1
What is the hundred thousands digit of 35890377?
8
What is the units digit of 40021827?
7
What is the units digit of 3985917926?
6
What is the ten millions digit of 46067445?
4
What is the hundreds digit of 87240984?
9
What is the ten thousands digit of 31074142?
7
What is the ten millions digit of 336280217?
3
What is the hundred millions digit of 379098357?
3
What is the hundred millions digit of 6066857309?
0
What is the hundred thousands digit of 2193383256?
3
What is the hundred millions digit of 487313224?
4
What is the tens digit of 2042197429?
2
What is the hundreds digit of 61189413?
4
What is the hundred thousands digit of 298026186?
0
What is the thousands digit of 65064270?
4
What is the ten millions digit of 6203698406?
0
What is the tens digit of 2216002049?
4
What is the hundred millions digit of 638697850?
6
What is the hundreds digit of 6794751315?
3
What is the ten thousands digit of 1198125934?
2
What is the hundred millions digit of 253031194?
2
What is the ten thousands digit of 125248304?
4
What is the hundreds digit of 620487034?
0
What is the ten thousands digit of 1689024908?
2
What is the hundred thousands digit of 2157178912?
1
What is the thousands digit of 36632689?
2
What is the billions digit of 2647088735?
2
What is the millions digit of 1205878033?
5
What is the tens digit of 1754345015?
1
What is the hundreds digit of 1429771770?
7
What is the hundreds digit of 640153761?
7
What is the thousands digit of 691579972?
9
What is the hundred thousands digit of 42165277?
1
What is the hundreds digit of 3858134718?
7
What is the hundreds digit of 141297946?
9
What is the tens digit of 56233895?
9
What is the hundreds digit of 24707219?
2
What is the tens digit of 787755234?
3
What is the ten thousands digit of 58930797?
3
What is the hundreds digit of 33242277?
2
What is the millions digit of 150856713?
0
What is the units digit of 229339916?
6
What is the ten thousands digit of 144711363?
1
What is the tens digit of 55142488?
8
What is the ten millions digit of 127004505?
2
What is the hundreds digit of 1101730282?
2
What is the thousands digit of 219049455?
9
What is the tens digit of 1151602914?
1
What is the tens digit of 588579730?
3
What is the thousands digit of 756640906?
0
What is the ten thousands digit of 139621006?
2
What is the ten millions digit of 231090354?
3
What is the hundred thousands digit of 391184031?
1
What is the hundred thousands digit of 5881783749?
7
What is the hundred millions digit of 322946613?
3
What is the tens digit of 511239915?
1
What is the millions digit of 128737460?
8
What is the hundred thousands digit of 58693481?
6
What is the units digit of 32171705?
5
What is the ten thousands digit of 1742071749?
7
What is the millions digit of 51613284?
1
What is the hundreds digit of 2244504?
5
What is the millions digit of 28390403?
8
What is the hundreds digit of 29506981?
9
What is the ten thousands digit of